{"id":26574,"date":"2025-05-19T11:11:42","date_gmt":"2025-05-19T13:11:42","guid":{"rendered":"https:\/\/www.aradas.lt\/?post_type=product&#038;p=26574"},"modified":"2025-06-26T04:32:21","modified_gmt":"2025-06-26T06:32:21","slug":"langai-i-aluprof-mb-45","status":"publish","type":"product","link":"https:\/\/www.aradas.lt\/lt\/produktas\/langai-i-aluprof-mb-45\/","title":{"rendered":"Langai I Aluprof MB-45"},"content":{"rendered":"","protected":false},"excerpt":{"rendered":"<p><span style=\"text-transform: uppercase;\">[aluminium]<\/span><\/p>\n<p>INTERJERAMS SKIRTA SISTEMA BE AP\u0160ILTINIMO<\/p>\n<p>Universalumo ir pla\u010diomis pritaikymo galimyb\u0117mis pasi\u017eyminti MB-45 sistema be ap\u0161iltinimo yra skirta lengvoms, ta\u010diau tuo pa\u010diu ir tvirtoms vidaus pertvaroms, pavyzd\u017eiui, konferencij\u0173 sal\u0117ms ir biur\u0173 patalpoms komerciniuose ir visuomeniniuose pastatuose. \u0160i sistema taip pat gali b\u016bti naudojama i\u0161orin\u0117je pastat\u0173 dalyje, kur neaktualus energinis efektyvumas. D\u0117l plataus profili\u0173 pasirinkimo MB-45 sistema suteikia \u012fvairias panaudojimo galimybes bei suderina ekonomi\u0161kum\u0105 su minimaliu profili\u0173 gyliu. Varstomoms var\u010dioms galima nematom\u0173 vyri\u0173 furnit\u016bra leis jas atidaryti ir iki 180\u00b0.<\/p>\n<p>Susisiek\u0119 su m\u016bs\u0173 komanda gausite i\u0161sami\u0105 konsultacij\u0105 \u0161io produkto klausimais.<\/p>\n","protected":false},"featured_media":27242,"template":"","meta":{"_acf_changed":false},"product_cat":[270,271],"product_tag":[],"acf":[],"yoast_head":"<!-- This site is optimized with the Yoast SEO plugin v22.9 - https:\/\/yoast.com\/wordpress\/plugins\/seo\/ -->\n<title>ARADAS : Langai I Aluprof MB-45<\/title>\n<meta name=\"robots\" content=\"index, follow, max-snippet:-1, max-image-preview:large, max-video-preview:-1\" \/>\n<link rel=\"canonical\" href=\"https:\/\/www.aradas.lt\/lt\/produktas\/langai-i-aluprof-mb-45\/\" \/>\n<meta property=\"og:locale\" content=\"lt_LT\" \/>\n<meta property=\"og:type\" content=\"article\" \/>\n<meta property=\"og:title\" content=\"ARADAS : Langai I Aluprof MB-45\" \/>\n<meta property=\"og:description\" content=\"INTERJERAMS SKIRTA SISTEMA BE AP\u0160ILTINIMO  Universalumo ir pla\u010diomis pritaikymo galimyb\u0117mis pasi\u017eyminti MB-45 sistema be ap\u0161iltinimo yra skirta lengvoms, ta\u010diau tuo pa\u010diu ir tvirtoms vidaus pertvaroms, pavyzd\u017eiui, konferencij\u0173 sal\u0117ms ir biur\u0173 patalpoms komerciniuose ir visuomeniniuose pastatuose. \u0160i sistema taip pat gali b\u016bti naudojama i\u0161orin\u0117je pastat\u0173 dalyje, kur neaktualus energinis efektyvumas. D\u0117l plataus profili\u0173 pasirinkimo MB-45 sistema suteikia \u012fvairias panaudojimo galimybes bei suderina ekonomi\u0161kum\u0105 su minimaliu profili\u0173 gyliu. Varstomoms var\u010dioms galima nematom\u0173 vyri\u0173 furnit\u016bra leis jas atidaryti ir iki 180\u00b0.  Susisiek\u0119 su m\u016bs\u0173 komanda gausite i\u0161sami\u0105 konsultacij\u0105 \u0161io produkto klausimais.\" \/>\n<meta property=\"og:url\" content=\"https:\/\/www.aradas.lt\/lt\/produktas\/langai-i-aluprof-mb-45\/\" \/>\n<meta property=\"og:site_name\" content=\"Aradas\" \/>\n<meta property=\"article:modified_time\" content=\"2025-06-26T06:32:21+00:00\" \/>\n<meta property=\"og:image\" content=\"https:\/\/www.aradas.lt\/wp-content\/uploads\/2025\/05\/MB45_300-n.jpg\" \/>\n\t<meta property=\"og:image:width\" content=\"1080\" \/>\n\t<meta property=\"og:image:height\" content=\"1080\" \/>\n\t<meta property=\"og:image:type\" content=\"image\/jpeg\" \/>\n<meta name=\"twitter:card\" content=\"summary_large_image\" \/>\n<meta name=\"twitter:label1\" content=\"Est. reading time\" \/>\n\t<meta name=\"twitter:data1\" content=\"1 minut\u0117\" \/>\n<!-- \/ Yoast SEO plugin. -->","yoast_head_json":{"title":"ARADAS : Langai I Aluprof MB-45","robots":{"index":"index","follow":"follow","max-snippet":"max-snippet:-1","max-image-preview":"max-image-preview:large","max-video-preview":"max-video-preview:-1"},"canonical":"https:\/\/www.aradas.lt\/lt\/produktas\/langai-i-aluprof-mb-45\/","og_locale":"lt_LT","og_type":"article","og_title":"ARADAS : Langai I Aluprof MB-45","og_description":"INTERJERAMS SKIRTA SISTEMA BE AP\u0160ILTINIMO  Universalumo ir pla\u010diomis pritaikymo galimyb\u0117mis pasi\u017eyminti MB-45 sistema be ap\u0161iltinimo yra skirta lengvoms, ta\u010diau tuo pa\u010diu ir tvirtoms vidaus pertvaroms, pavyzd\u017eiui, konferencij\u0173 sal\u0117ms ir biur\u0173 patalpoms komerciniuose ir visuomeniniuose pastatuose. \u0160i sistema taip pat gali b\u016bti naudojama i\u0161orin\u0117je pastat\u0173 dalyje, kur neaktualus energinis efektyvumas. D\u0117l plataus profili\u0173 pasirinkimo MB-45 sistema suteikia \u012fvairias panaudojimo galimybes bei suderina ekonomi\u0161kum\u0105 su minimaliu profili\u0173 gyliu. Varstomoms var\u010dioms galima nematom\u0173 vyri\u0173 furnit\u016bra leis jas atidaryti ir iki 180\u00b0.  Susisiek\u0119 su m\u016bs\u0173 komanda gausite i\u0161sami\u0105 konsultacij\u0105 \u0161io produkto klausimais.","og_url":"https:\/\/www.aradas.lt\/lt\/produktas\/langai-i-aluprof-mb-45\/","og_site_name":"Aradas","article_modified_time":"2025-06-26T06:32:21+00:00","og_image":[{"width":1080,"height":1080,"url":"https:\/\/www.aradas.lt\/wp-content\/uploads\/2025\/05\/MB45_300-n.jpg","type":"image\/jpeg"}],"twitter_card":"summary_large_image","twitter_misc":{"Est. reading time":"1 minut\u0117"},"schema":{"@context":"https:\/\/schema.org","@graph":[{"@type":"WebPage","@id":"https:\/\/www.aradas.lt\/lt\/produktas\/langai-i-aluprof-mb-45\/","url":"https:\/\/www.aradas.lt\/lt\/produktas\/langai-i-aluprof-mb-45\/","name":"ARADAS : Langai I Aluprof MB-45","isPartOf":{"@id":"https:\/\/www.aradas.lt\/#website"},"primaryImageOfPage":{"@id":"https:\/\/www.aradas.lt\/lt\/produktas\/langai-i-aluprof-mb-45\/#primaryimage"},"image":{"@id":"https:\/\/www.aradas.lt\/lt\/produktas\/langai-i-aluprof-mb-45\/#primaryimage"},"thumbnailUrl":"https:\/\/www.aradas.lt\/wp-content\/uploads\/2025\/05\/MB45_300-n.jpg","datePublished":"2025-05-19T13:11:42+00:00","dateModified":"2025-06-26T06:32:21+00:00","breadcrumb":{"@id":"https:\/\/www.aradas.lt\/lt\/produktas\/langai-i-aluprof-mb-45\/#breadcrumb"},"inLanguage":"lt-LT","potentialAction":[{"@type":"ReadAction","target":["https:\/\/www.aradas.lt\/lt\/produktas\/langai-i-aluprof-mb-45\/"]}]},{"@type":"ImageObject","inLanguage":"lt-LT","@id":"https:\/\/www.aradas.lt\/lt\/produktas\/langai-i-aluprof-mb-45\/#primaryimage","url":"https:\/\/www.aradas.lt\/wp-content\/uploads\/2025\/05\/MB45_300-n.jpg","contentUrl":"https:\/\/www.aradas.lt\/wp-content\/uploads\/2025\/05\/MB45_300-n.jpg","width":1080,"height":1080},{"@type":"BreadcrumbList","@id":"https:\/\/www.aradas.lt\/lt\/produktas\/langai-i-aluprof-mb-45\/#breadcrumb","itemListElement":[{"@type":"ListItem","position":1,"name":"Home","item":"https:\/\/www.aradas.lt\/lt\/"},{"@type":"ListItem","position":2,"name":"Shop","item":"https:\/\/www.aradas.lt\/shop\/"},{"@type":"ListItem","position":3,"name":"Langai I Aluprof MB-45"}]},{"@type":"WebSite","@id":"https:\/\/www.aradas.lt\/#website","url":"https:\/\/www.aradas.lt\/","name":"Aradas","description":"Langai ir durys","publisher":{"@id":"https:\/\/www.aradas.lt\/#organization"},"potentialAction":[{"@type":"SearchAction","target":{"@type":"EntryPoint","urlTemplate":"https:\/\/www.aradas.lt\/?s={search_term_string}"},"query-input":"required name=search_term_string"}],"inLanguage":"lt-LT"},{"@type":"Organization","@id":"https:\/\/www.aradas.lt\/#organization","name":"ARADAS : Windows and Doors","url":"https:\/\/www.aradas.lt\/","logo":{"@type":"ImageObject","inLanguage":"lt-LT","@id":"https:\/\/www.aradas.lt\/#\/schema\/logo\/image\/","url":"https:\/\/www.aradas.lt\/wp-content\/uploads\/2018\/02\/logo-60h.png","contentUrl":"https:\/\/www.aradas.lt\/wp-content\/uploads\/2018\/02\/logo-60h.png","width":374,"height":60,"caption":"ARADAS : Windows and Doors"},"image":{"@id":"https:\/\/www.aradas.lt\/#\/schema\/logo\/image\/"}}]}},"_links":{"self":[{"href":"https:\/\/www.aradas.lt\/lt\/wp-json\/wp\/v2\/product\/26574"}],"collection":[{"href":"https:\/\/www.aradas.lt\/lt\/wp-json\/wp\/v2\/product"}],"about":[{"href":"https:\/\/www.aradas.lt\/lt\/wp-json\/wp\/v2\/types\/product"}],"wp:featuredmedia":[{"embeddable":true,"href":"https:\/\/www.aradas.lt\/lt\/wp-json\/wp\/v2\/media\/27242"}],"wp:attachment":[{"href":"https:\/\/www.aradas.lt\/lt\/wp-json\/wp\/v2\/media?parent=26574"}],"wp:term":[{"taxonomy":"product_cat","embeddable":true,"href":"https:\/\/www.aradas.lt\/lt\/wp-json\/wp\/v2\/product_cat?post=26574"},{"taxonomy":"product_tag","embeddable":true,"href":"https:\/\/www.aradas.lt\/lt\/wp-json\/wp\/v2\/product_tag?post=26574"}],"curies":[{"name":"wp","href":"https:\/\/api.w.org\/{rel}","templated":true}]}}

<p><span style="text-transform: uppercase;">[aluminium]</span></p>
<p>INTERJERAMS SKIRTA SISTEMA BE APŠILTINIMO</p>
<p>Universalumo ir plačiomis pritaikymo galimybėmis pasižyminti MB-45 sistema be apšiltinimo yra skirta lengvoms, tačiau tuo pačiu ir tvirtoms vidaus pertvaroms, pavyzdžiui, konferencijų salėms ir biurų patalpoms komerciniuose ir visuomeniniuose pastatuose. Ši sistema taip pat gali būti naudojama išorinėje pastatų dalyje, kur neaktualus energinis efektyvumas. Dėl plataus profilių pasirinkimo MB-45 sistema suteikia įvairias panaudojimo galimybes bei suderina ekonomiškumą su minimaliu profilių gyliu. Varstomoms varčioms galima nematomų vyrių furnitūra leis jas atidaryti ir iki 180°.</p>
<p>Susisiekę su mūsų komanda gausite išsamią konsultaciją šio produkto klausimais.</p>

<!-- This site is optimized with the Yoast SEO plugin v22.9 - https://yoast.com/wordpress/plugins/seo/ -->
<title>ARADAS : Langai I Aluprof MB-45</title>
<meta name="robots" content="index, follow, max-snippet:-1, max-image-preview:large, max-video-preview:-1" />
<link rel="canonical" href="https://www.aradas.lt/lt/produktas/langai-i-aluprof-mb-45/" />
<meta property="og:locale" content="lt_LT" />
<meta property="og:type" content="article" />
<meta property="og:title" content="ARADAS : Langai I Aluprof MB-45" />
<meta property="og:description" content="INTERJERAMS SKIRTA SISTEMA BE APŠILTINIMO  Universalumo ir plačiomis pritaikymo galimybėmis pasižyminti MB-45 sistema be apšiltinimo yra skirta lengvoms, tačiau tuo pačiu ir tvirtoms vidaus pertvaroms, pavyzdžiui, konferencijų salėms ir biurų patalpoms komerciniuose ir visuomeniniuose pastatuose. Ši sistema taip pat gali būti naudojama išorinėje pastatų dalyje, kur neaktualus energinis efektyvumas. Dėl plataus profilių pasirinkimo MB-45 sistema suteikia įvairias panaudojimo galimybes bei suderina ekonomiškumą su minimaliu profilių gyliu. Varstomoms varčioms galima nematomų vyrių furnitūra leis jas atidaryti ir iki 180°.  Susisiekę su mūsų komanda gausite išsamią konsultaciją šio produkto klausimais." />
<meta property="og:url" content="https://www.aradas.lt/lt/produktas/langai-i-aluprof-mb-45/" />
<meta property="og:site_name" content="Aradas" />
<meta property="article:modified_time" content="2025-06-26T06:32:21+00:00" />
<meta property="og:image" content="https://www.aradas.lt/wp-content/uploads/2025/05/MB45_300-n.jpg" />
	<meta property="og:image:width" content="1080" />
	<meta property="og:image:height" content="1080" />
	<meta property="og:image:type" content="image/jpeg" />
<meta name="twitter:card" content="summary_large_image" />
<meta name="twitter:label1" content="Est. reading time" />
	<meta name="twitter:data1" content="1 minutė" />
<!-- / Yoast SEO plugin. -->

INTERJERAMS SKIRTA SISTEMA BE APŠILTINIMO  Universalumo ir plačiomis pritaikymo galimybėmis pasižyminti MB-45 sistema be apšiltinimo yra skirta lengvoms, tačiau tuo pačiu ir tvirtoms vidaus pertvaroms, pavyzdžiui, konferencijų salėms ir biurų patalpoms komerciniuose ir visuomeniniuose pastatuose. Ši sistema taip pat gali būti naudojama išorinėje pastatų dalyje, kur neaktualus energinis efektyvumas. Dėl plataus profilių pasirinkimo MB-45 sistema suteikia įvairias panaudojimo galimybes bei suderina ekonomiškumą su minimaliu profilių gyliu. Varstomoms varčioms galima nematomų vyrių furnitūra leis jas atidaryti ir iki 180°.  Susisiekę su mūsų komanda gausite išsamią konsultaciją šio produkto klausimais.

1 minutė
